
31
Suppose 10*w - 15*w = -10. Suppose 2*q - 342 = -w*o, 4*o + 511 = 2*q + 1225. Suppose 8*s = 4*s + o. What is the highest common factor of s and 4?
4
Suppose 212*b = 214*b - 2*a - 2872, -5*b - 4*a = -7135. What is the highest common divisor of b and 27?
27
Let m(z) = 15*z + 1110. Let k be m(-63). What is the greatest common divisor of k and 45?
15
Let l = -5 + -17. Let h be 5/(-10) - l/4. Suppose 2*n + d - 12 = 2*d, h*d = 3*n - 4. What is the greatest common factor of n and 8?
8
Suppose -64*y - 3*y + 89311 = 0. Calculate the greatest common factor of 31 and y.
31
Suppose -b - 20 + 1 = 0. Let l = -12 - b. Let h be (6/(-15))/((-18)/45). What is the highest common divisor of h and l?
1
Let s be ((-222)/5)/(2/(-5)). What is the highest common factor of s and 37?
37
Suppose -39155 - 5395 = -50*v. What is the highest common factor of v and 81?
81
Suppose -1668 = -6*w - 468. Calculate the highest common divisor of w and 40.
40
Let j = -637 + 1057. What is the greatest common factor of 84 and j?
84
Suppose 1 + 11 = -3*z. Let j be ((-12)/3 - z) + 12. Let n be j/7*(-77)/(-22). What is the greatest common divisor of n and 36?
6
Let y = -1314 + 2126. Let z = -407 + y. Let f be (-6 + 4)*z/(-6). Calculate the highest common factor of 15 and f.
15
Let r be (1*3)/((-2)/(-6)). Suppose 4*s + q = -16, -5*q = s - 2*s + 17. Let v = r - s. Calculate the greatest common factor of 3 and v.
3
Let t = 131 - 169. Let r be (6 - t/4)/(2/4). What is the highest common divisor of r and 341?
31
Let g(o) = -41*o**2 - 142*o + 3. Let s be g(-3). What is the greatest common factor of s and 12?
12
Suppose 5*s - 2016 = 4*v, -5*s - 3*v + 1984 = v. Suppose -s = 2*m - 4*m + 5*u, 5*u = 0. What is the highest common factor of 25 and m?
25
Let r be (-9 + 770/30)/(2/9). Calculate the greatest common factor of 10 and r.
5
Suppose 0 = -116*b + 122*b - 18. What is the highest common factor of b and 4?
1
Let h = 0 - -26. Let q = 1094 - 1016. What is the greatest common divisor of q and h?
26
Let d(w) = 93*w - 348. Let t be d(4). Calculate the highest common factor of 156 and t.
12
Let p(f) = -24*f - 6. Let a be p(-4). Let k = 5590 - 5580. What is the highest common divisor of k and a?
10
Let v = 15 + -11. Suppose 4*m - 3*t = 25, v*m + t - 24 = 5*t. What is the greatest common divisor of m and 56?
7
Suppose 27*z - 37245 + 120 = 0. Calculate the greatest common divisor of 110 and z.
55
Let m be 27/18*(-5)/(45/(-2442)). Calculate the greatest common divisor of 185 and m.
37
Suppose -2*n + 35 = 3*n. Suppose 4*u - 14 = -6. Suppose -4*s - 4*w = -3*s - 89, 0 = -u*w + 6. Calculate the greatest common divisor of n and s.
7
Let i = 40 - 69. Let b = i + 53. Let v = 80 - 44. What is the highest common factor of v and b?
12
Let h(f) = 43*f + 147. Let v be h(-2). Calculate the highest common factor of v and 793.
61
Suppose 4*h - 3*k - 468 = 0, -h + k - 351 = -4*h. Calculate the highest common divisor of 78 and h.
39
Suppose -9688 = -11*p + 2115. Calculate the greatest common divisor of p and 111.
37
Let o be (1005/(-10))/(4/((-8)/3)). What is the highest common divisor of 1809 and o?
67
Suppose 2*k = -4 + 26. Suppose -3*q = -146 - 85. What is the highest common factor of q and k?
11
Let h = 844 - 697. What is the highest common divisor of h and 539?
49
Suppose 0*v + 8*v = -56. Let j(x) = -12*x + 56. Let c be j(v). What is the highest common factor of c and 28?
28
Suppose -5*q + 52 = -q. Suppose 2*z = 5*p + 1 + 295, 2*p + 147 = z. What is the greatest common divisor of z and q?
13
Let b(u) = 2*u - 5. Suppose -j + 4*m = 11, 2 = -3*j + 5*m - 3. Let x be b(j). Let h = -22 + 47. What is the highest common divisor of h and x?
5
Let q be 4 - ((-4 - -1) + 2). Let p be -4 - (-53 + (0 - -4)). Suppose -4*c - p = -105. Calculate the highest common divisor of c and q.
5
Suppose 8*q - 1149 = 651. What is the greatest common factor of 25 and q?
25
Let r be (64/20)/((-4)/(-50)). Let h be 0 + 1 - (-103 - (-1 - 3)). Calculate the greatest common divisor of r and h.
20
Let d(q) = -q**2 + 8*q - 4. Let z be d(6). Let p be ((-3)/(-2))/(9/(-18)). Let b be 8 + (p/(-1) - 3). What is the greatest common factor of z and b?
8
Let b = 1442 + 116. What is the highest common divisor of b and 82?
82
Let d = -52 + 164. Let a = -12865 + 12879. Calculate the greatest common factor of d and a.
14
Suppose 0 = 5*i - 29*i - 2592. Let r = i - -168. Let d be ((-1)/2)/((-2)/60). What is the highest common divisor of r and d?
15
Let w be 1144/78*((-12)/(-1))/4. What is the highest common factor of 594 and w?
22
Suppose 0 = 2*w + 4*j - 58, -3*w = w - 4*j - 80. Let u be (-2 - 85/(-15))*69. Calculate the highest common factor of w and u.
23
Let k(s) = -s**3 + 6*s**2 - 4*s + 6. Let t be k(4). Let c(q) = -2*q**2 + 78*q - 137. Let h be c(37). Calculate the greatest common factor of t and h.
11
Let j be (110 - 166)*6/28*-68. Calculate the highest common factor of 17 and j.
17
Suppose 0 = -7*c + 2*c + 525. Let v(y) = 2*y**2 + 2*y + 2. Let a be v(4). What is the highest common factor of a and c?
21
Let y be (-14)/((-8)/(-10) + (-90)/50). Calculate the greatest common divisor of y and 10.
2
Let j be ((-10)/(-3))/(12*10/20160). What is the greatest common factor of 240 and j?
80
Let v = 7 - 8. Let w = 7 + v. Suppose 0*h - w = -h. What is the highest common factor of 9 and h?
3
Suppose 0 = 67*b - 50*b - 1479. Calculate the greatest common factor of 493 and b.
29
Let k(i) = -2*i**3 - 7*i**2 + 10*i + 5. Let m be k(5). Let g be m/(-22) - (64/11 + -6). What is the greatest common factor of g and 187?
17
Suppose -4*v - n = -2628, -654 = -108*v + 107*v - n. Calculate the highest common factor of 14 and v.
14
Suppose -32*u + 5448 = -1848. What is the highest common divisor of 12 and u?
12
Let k be 6/(-48) + (-435)/(-24). Let l(d) = d**2 - 17*d - 14. Let u be l(k). Suppose 5*r - 36 = 4. What is the greatest common divisor of r and u?
4
Let j be 1 + -12 + (-24 - -46). Suppose 80 = 4*z + 4*t, -t = -z - 2*z + 68. Calculate the greatest common divisor of j and z.
11
Let x(i) = -i**3 - 9*i**2 - 16*i + 2. Let m be x(-7). What is the highest common factor of m and 128?
16
Suppose 4*p + 36 = 5*k, 0*p = -p - 4. Suppose 2*i = k*i - 16. Let y = -6 - -8. Calculate the highest common factor of i and y.
2
Let l(p) = -p**3 + 7*p**2 + 9*p - 8. Let m be l(8). Let d be (m + 3/3)*19. Let a = -81 + 100. What is the greatest common divisor of d and a?
19
Let c = -69 + 177. Calculate the highest common divisor of 270 and c.
54
Suppose -2*b = 2*r - 68, -2*b - 5*r - 100 = -6*b. Let d be ((-194)/(-4) - -1) + (-6)/(-12). What is the highest common divisor of d and b?
10
Let s(n) = n**3 + 16*n**2 - 20*n - 39. Suppose -5*f = -4*m - 83, 3*m + 40 = m + 2*f. Let a be s(m). Calculate the greatest common divisor of 42 and a.
6
Suppose 0 = 5*k - 5, 3*b - 4*k - 78 - 62 = 0. What is the highest common factor of 144 and b?
48
Let d(h) = h**2 - 44*h + 95. Let c be d(42). Calculate the highest common factor of 253 and c.
11
Let o(i) = 5*i**2 + i + 8. Let r be o(-3). Calculate the highest common factor of r and 1150.
50
Suppose 4*v - 8 = -4*h, 0*v + v - 3*h - 10 = 0. Suppose -2*x + 741 = 6*o - o, -v*o = -2*x + 714. What is the highest common factor of 33 and x?
33
Let m(a) = 39*a + 1266. Let g be m(-30). What is the highest common divisor of g and 80?
16
Let o be -4 - ((-32)/(-12))/(8/(-132)). Calculate the highest common divisor of 640 and o.
40
Let r be ((6 - 0)/(-1))/((-102)/3536). Calculate the highest common factor of r and 16.
16
Let w = -24 - -29. Suppose m = w*k + 2*m - 68, 5*m + 38 = 2*k. Suppose -k*p = -19*p + 110. Calculate the greatest common divisor of p and 55.
11
Let n(w) = -w**3 - 5*w**2 - 7*w + 2. Let g be n(-3). Suppose g*q + 52 = 382. What is the greatest common divisor of q and 33?
33
Let q = -65 - -260. Calculate the greatest common divisor of q and 117.
39
Suppose -5*t - 58 - 38 = -4*x, 0 = -2*t - 5*x - 12. Let y = 18 + t. Let l be (y + -67)*(-8)/10. Calculate the highest common divisor of 13 and l.
13
Let u(a) = -10*a**2 + a. Let n be u(2). Let g = n - -50. Calculate the greatest common divisor of 4 and g.
4
Suppose g + 3 = 0, f + 2*g = -2*g - 6. Let p be 1*3*(422/f + -2). What is the greatest common factor of p and 41?
41
Suppose 2*m + 2*x + 404 = 6*m, 2*x - 388 = -4*m. Let q